{"id":14,"date":"2025-02-14T13:21:22","date_gmt":"2025-02-14T12:21:22","guid":{"rendered":"https:\/\/rybari.miletin.cz.zon.hostujeme.cz\/?page_id=14"},"modified":"2025-03-04T08:38:00","modified_gmt":"2025-03-04T07:38:00","slug":"kontakty","status":"publish","type":"page","link":"https:\/\/rybari.miletin.cz\/?page_id=14","title":{"rendered":"Kontakty"},"content":{"rendered":"\n<h2 class=\"wp-block-heading\" style=\"text-transform:none\">V\u00fdbor MO \u010cRS Milet\u00edn:<\/h2>\n\n\n\n<p class=\"has-medium-font-size\"><strong>P\u0159edseda<\/strong>:  Hlav\u00e1\u010dek Martin, tel. 777 069 036, <a href=\"mailto:fotomartinhlavacek@gmail.com\">fotomartinhlavacek@gmail.com<\/a><\/p>\n\n\n\n<p class=\"has-medium-font-size\"><strong>M\u00edstop\u0159edseda<\/strong>:  Hlav\u00e1\u010dek Radim, tel.777 018 338, <a href=\"mailto:hlavacekr@email.cz\">hlavacekr@email.cz<\/a><\/p>\n\n\n\n<p class=\"has-medium-font-size\"><strong>Jednatel, pokladn\u00edk<\/strong> (spr\u00e1va web):  Bor\u016fvka Tom\u00e1\u0161, tel. 737 654 919, <a href=\"mailto:tboruvka76@gmail.com\">tboruvka76@gmail.com<\/a><\/p>\n\n\n\n<p class=\"has-medium-font-size\"><strong>Hospod\u00e1\u0159<\/strong>:  Kn\u011b\u017eourek Luk\u00e1\u0161, tel.&nbsp;774 529 743, <a href=\"mailto:l.knezourek@seznam.cz\">l.knezourek@seznam.cz<\/a><\/p>\n\n\n\n<p class=\"has-medium-font-size\"><strong>Z\u00e1stupce hospod\u00e1\u0159e<\/strong>:  Pol\u00e1\u010dek Milo\u0161, tel. 604 807 460, <a href=\"mailto:polackovi.miletin@centrum.cz\">polackovi.miletin@centrum.cz<\/a><\/p>\n\n\n\n<p class=\"has-small-font-size\">&#8230;&#8230;&#8230;&#8230;&#8230;<\/p>\n\n\n\n<blockquote class=\"wp-block-quote is-layout-flow wp-block-quote-is-layout-flow\">\n<p><strong>Prodej zn\u00e1mek, povolenek<\/strong>,&nbsp;&#8230; po telefonick\u00e9 domluv\u011b &#8211; Pol\u00e1\u010dek Milo\u0161<\/p>\n<\/blockquote>\n\n\n\n<p class=\"has-small-font-size\">&#8230;&#8230;&#8230;&#8230;..<\/p>\n\n\n\n<p><strong>P\u0159edseda revizn\u00ed komise<\/strong>: Bonaventura Pavel, tel. 603 567 735<\/p>\n\n\n\n<p class=\"has-small-font-size\">&#8230;&#8230;&#8230;&#8230;..<\/p>\n\n\n\n<p><strong>Vedouc\u00ed ryb\u00e1\u0159sk\u00e9ho krou\u017eku<\/strong>: Va\u0161ata Vladim\u00edr, tel.724 169 647&nbsp; &nbsp;<\/p>\n\n\n\n<p class=\"has-small-font-size\">&#8230;&#8230;&#8230;&#8230;&#8230;. &nbsp;<\/p>\n\n\n\n<blockquote class=\"wp-block-quote is-layout-flow wp-block-quote-is-layout-flow\">\n<p><strong>Ryb\u00e1\u0159sk\u00e1 str\u00e1\u017e:<\/strong> Bor\u016fvka Tom\u00e1\u0161, Dubeneck\u00fd Jind\u0159ich,&nbsp;Hlav\u00e1\u010dek Martin, Hlav\u00e1\u010dek Radim, Kn\u011b\u017eourek Luk\u00e1\u0161<\/p>\n\n\n\n<p class=\"has-small-font-size\">&#8230;&#8230;.<\/p>\n\n\n\n<p><strong>Adresa:<\/strong><br><strong>\u010cesk\u00fd ryb\u00e1\u0159sk\u00fd svaz, z. s., m\u00edstn\u00ed organizace Milet\u00edn<\/strong><br><strong>Komensk\u00e9ho 5, Milet\u00edn, 50771<\/strong><br><strong>I\u010cO: &nbsp; &nbsp;13585789<\/strong><br><strong>\u010d.\u00fa.: 222743811\/0300<\/strong><br><strong>Datov\u00e1 schr\u00e1nka:&nbsp; &nbsp; &nbsp;tz6cifq<\/strong><\/p>\n<\/blockquote>\n\n\n\n<p><\/p>\n","protected":false},"excerpt":{"rendered":"<p>V\u00fdbor MO \u010cRS Milet\u00edn: P\u0159edseda: Hlav\u00e1\u010dek Martin, tel. 777 069 036, fotomartinhlavacek@gmail.com M\u00edstop\u0159edseda: Hlav\u00e1\u010dek Radim, tel.777 018 338, hlavacekr@email.cz Jednatel, [&hellip;]<\/p>\n","protected":false},"author":2,"featured_media":0,"parent":0,"menu_order":3,"comment_status":"closed","ping_status":"closed","template":"","meta":{"site-sidebar-layout":"default","site-content-layout":"","ast-site-content-layout":"default","site-content-style":"default","site-sidebar-style":"default","ast-global-header-display":"","ast-banner-title-visibility":"","ast-main-header-display":"","ast-hfb-above-header-display":"","ast-hfb-below-header-display":"","ast-hfb-mobile-header-display":"","site-post-title":"","ast-breadcrumbs-content":"","ast-featured-img":"","footer-sml-layout":"","theme-transparent-header-meta":"","adv-header-id-meta":"","stick-header-meta":"","header-above-stick-meta":"","header-main-stick-meta":"","header-below-stick-meta":"","astra-migrate-meta-layouts":"default","ast-page-background-enabled":"default","ast-page-background-meta":{"desktop":{"background-color":"var(--ast-global-color-5)","background-image":"","background-repeat":"repeat","background-position":"center center","background-size":"auto","background-attachment":"scroll","background-type":"","background-media":"","overlay-type":"","overlay-color":"","overlay-opacity":"","overlay-gradient":""},"tablet":{"background-color":"","background-image":"","background-repeat":"repeat","background-position":"center center","background-size":"auto","background-attachment":"scroll","background-type":"","background-media":"","overlay-type":"","overlay-color":"","overlay-opacity":"","overlay-gradient":""},"mobile":{"background-color":"","background-image":"","background-repeat":"repeat","background-position":"center center","background-size":"auto","background-attachment":"scroll","background-type":"","background-media":"","overlay-type":"","overlay-color":"","overlay-opacity":"","overlay-gradient":""}},"ast-content-background-meta":{"desktop":{"background-color":"var(--ast-global-color-4)","background-image":"","background-repeat":"repeat","background-position":"center center","background-size":"auto","background-attachment":"scroll","background-type":"","background-media":"","overlay-type":"","overlay-color":"","overlay-opacity":"","overlay-gradient":""},"tablet":{"background-color":"var(--ast-global-color-4)","background-image":"","background-repeat":"repeat","background-position":"center center","background-size":"auto","background-attachment":"scroll","background-type":"","background-media":"","overlay-type":"","overlay-color":"","overlay-opacity":"","overlay-gradient":""},"mobile":{"background-color":"var(--ast-global-color-4)","background-image":"","background-repeat":"repeat","background-position":"center center","background-size":"auto","background-attachment":"scroll","background-type":"","background-media":"","overlay-type":"","overlay-color":"","overlay-opacity":"","overlay-gradient":""}},"_kadence_starter_templates_imported_post":false,"footnotes":""},"class_list":["post-14","page","type-page","status-publish","hentry"],"_links":{"self":[{"href":"https:\/\/rybari.miletin.cz\/index.php?rest_route=\/wp\/v2\/pages\/14","targetHints":{"allow":["GET"]}}],"collection":[{"href":"https:\/\/rybari.miletin.cz\/index.php?rest_route=\/wp\/v2\/pages"}],"about":[{"href":"https:\/\/rybari.miletin.cz\/index.php?rest_route=\/wp\/v2\/types\/page"}],"author":[{"embeddable":true,"href":"https:\/\/rybari.miletin.cz\/index.php?rest_route=\/wp\/v2\/users\/2"}],"replies":[{"embeddable":true,"href":"https:\/\/rybari.miletin.cz\/index.php?rest_route=%2Fwp%2Fv2%2Fcomments&post=14"}],"version-history":[{"count":16,"href":"https:\/\/rybari.miletin.cz\/index.php?rest_route=\/wp\/v2\/pages\/14\/revisions"}],"predecessor-version":[{"id":1565,"href":"https:\/\/rybari.miletin.cz\/index.php?rest_route=\/wp\/v2\/pages\/14\/revisions\/1565"}],"wp:attachment":[{"href":"https:\/\/rybari.miletin.cz\/index.php?rest_route=%2Fwp%2Fv2%2Fmedia&parent=14"}],"curies":[{"name":"wp","href":"https:\/\/api.w.org\/{rel}","templated":true}]}}