{"id":222,"date":"2025-02-23T20:04:10","date_gmt":"2025-02-23T19:04:10","guid":{"rendered":"https:\/\/rybari.miletin.cz.zon.hostujeme.cz\/?page_id=222"},"modified":"2025-02-27T08:37:42","modified_gmt":"2025-02-27T07:37:42","slug":"odkazy","status":"publish","type":"page","link":"https:\/\/rybari.miletin.cz\/?page_id=222","title":{"rendered":"Odkazy"},"content":{"rendered":"\n<p class=\"has-ast-global-color-0-color has-text-color has-link-color has-large-font-size wp-elements-d833ba813d1522fd1b52ef04b5bdc78e\"><a href=\"https:\/\/rybarimiletin.rajce.idnes.cz\" target=\"_blank\" rel=\"noreferrer noopener\">https:\/\/rybarimiletin.rajce.idnes.cz<\/a><\/p>\n\n\n\n<p>&#8230;&#8230;&#8230;.<\/p>\n\n\n\n<p class=\"has-large-font-size\"><a href=\"https:\/\/www.facebook.com\/profile.php?id=100008949995016\" target=\"_blank\" rel=\"noreferrer noopener\">https:\/\/www.facebook.com\/profile.php?id=100008949995016<\/a><\/p>\n\n\n\n<p>&#8230;&#8230;&#8230;.<\/p>\n\n\n\n<p class=\"has-large-font-size\"><a href=\"https:\/\/www.rybsvaz.cz\/mo\/-\/miletin\" target=\"_blank\" rel=\"noreferrer noopener\">https:\/\/www.rybsvaz.cz\/mo\/-\/miletin<\/a><\/p>\n\n\n\n<p>&#8230;&#8230;&#8230;.<\/p>\n\n\n\n<p class=\"has-large-font-size\"><a href=\"https:\/\/ris.rybsvaz.cz\/crs\" target=\"_blank\" rel=\"noreferrer noopener\">https:\/\/ris.rybsvaz.cz\/crs<\/a><\/p>\n\n\n\n<p>&#8230;&#8230;..<\/p>\n\n\n\n<p class=\"has-large-font-size\"><a href=\"https:\/\/www.mrk.cz\/\" target=\"_blank\" rel=\"noreferrer noopener\"><\/a><a href=\"https:\/\/www.mrk.cz\/\" target=\"_blank\" rel=\"noreferrer noopener\">MRK.cz &#8211; St\u00e1le na ryb\u00e1ch &#8211; ryby a ryba\u0159en\u00ed<\/a><\/p>\n\n\n\n<p>&#8230;&#8230;&#8230;<\/p>\n\n\n\n<p><\/p>\n","protected":false},"excerpt":{"rendered":"<p>https:\/\/rybarimiletin.rajce.idnes.cz &#8230;&#8230;&#8230;. https:\/\/www.facebook.com\/profile.php?id=100008949995016 &#8230;&#8230;&#8230;. https:\/\/www.rybsvaz.cz\/mo\/-\/miletin &#8230;&#8230;&#8230;. https:\/\/ris.rybsvaz.cz\/crs &#8230;&#8230;.. MRK.cz &#8211; St\u00e1le na ryb\u00e1ch &#8211; ryby a ryba\u0159en\u00ed &#8230;&#8230;&#8230;<\/p>\n","protected":false},"author":2,"featured_media":0,"parent":0,"menu_order":0,"comment_status":"closed","ping_status":"closed","template":"","meta":{"site-sidebar-layout":"default","site-content-layout":"","ast-site-content-layout":"default","site-content-style":"default","site-sidebar-style":"default","ast-global-header-display":"","ast-banner-title-visibility":"","ast-main-header-display":"","ast-hfb-above-header-display":"","ast-hfb-below-header-display":"","ast-hfb-mobile-header-display":"","site-post-title":"","ast-breadcrumbs-content":"","ast-featured-img":"","footer-sml-layout":"","theme-transparent-header-meta":"","adv-header-id-meta":"","stick-header-meta":"","header-above-stick-meta":"","header-main-stick-meta":"","header-below-stick-meta":"","astra-migrate-meta-layouts":"default","ast-page-background-enabled":"default","ast-page-background-meta":{"desktop":{"background-color":"var(--ast-global-color-5)","background-image":"","background-repeat":"repeat","background-position":"center center","background-size":"auto","background-attachment":"scroll","background-type":"","background-media":"","overlay-type":"","overlay-color":"","overlay-opacity":"","overlay-gradient":""},"tablet":{"background-color":"","background-image":"","background-repeat":"repeat","background-position":"center center","background-size":"auto","background-attachment":"scroll","background-type":"","background-media":"","overlay-type":"","overlay-color":"","overlay-opacity":"","overlay-gradient":""},"mobile":{"background-color":"","background-image":"","background-repeat":"repeat","background-position":"center center","background-size":"auto","background-attachment":"scroll","background-type":"","background-media":"","overlay-type":"","overlay-color":"","overlay-opacity":"","overlay-gradient":""}},"ast-content-background-meta":{"desktop":{"background-color":"var(--ast-global-color-4)","background-image":"","background-repeat":"repeat","background-position":"center center","background-size":"auto","background-attachment":"scroll","background-type":"","background-media":"","overlay-type":"","overlay-color":"","overlay-opacity":"","overlay-gradient":""},"tablet":{"background-color":"var(--ast-global-color-4)","background-image":"","background-repeat":"repeat","background-position":"center center","background-size":"auto","background-attachment":"scroll","background-type":"","background-media":"","overlay-type":"","overlay-color":"","overlay-opacity":"","overlay-gradient":""},"mobile":{"background-color":"var(--ast-global-color-4)","background-image":"","background-repeat":"repeat","background-position":"center center","background-size":"auto","background-attachment":"scroll","background-type":"","background-media":"","overlay-type":"","overlay-color":"","overlay-opacity":"","overlay-gradient":""}},"_kadence_starter_templates_imported_post":false,"footnotes":""},"class_list":["post-222","page","type-page","status-publish","hentry"],"_links":{"self":[{"href":"https:\/\/rybari.miletin.cz\/index.php?rest_route=\/wp\/v2\/pages\/222","targetHints":{"allow":["GET"]}}],"collection":[{"href":"https:\/\/rybari.miletin.cz\/index.php?rest_route=\/wp\/v2\/pages"}],"about":[{"href":"https:\/\/rybari.miletin.cz\/index.php?rest_route=\/wp\/v2\/types\/page"}],"author":[{"embeddable":true,"href":"https:\/\/rybari.miletin.cz\/index.php?rest_route=\/wp\/v2\/users\/2"}],"replies":[{"embeddable":true,"href":"https:\/\/rybari.miletin.cz\/index.php?rest_route=%2Fwp%2Fv2%2Fcomments&post=222"}],"version-history":[{"count":10,"href":"https:\/\/rybari.miletin.cz\/index.php?rest_route=\/wp\/v2\/pages\/222\/revisions"}],"predecessor-version":[{"id":1472,"href":"https:\/\/rybari.miletin.cz\/index.php?rest_route=\/wp\/v2\/pages\/222\/revisions\/1472"}],"wp:attachment":[{"href":"https:\/\/rybari.miletin.cz\/index.php?rest_route=%2Fwp%2Fv2%2Fmedia&parent=222"}],"curies":[{"name":"wp","href":"https:\/\/api.w.org\/{rel}","templated":true}]}}